divisor of b and 6?
6
Suppose s = 4*s - 6. Suppose 5*g = 3*g + s*p + 174, 5*g - 438 = 4*p. Calculate the highest common divisor of g and 10.
10
Suppose h - 4*x = -12, 5*h = -2*x - 2*x + 36. What is the greatest common divisor of h and 4?
4
Suppose 6 - 15 = -b. Calculate the greatest common divisor of b and 27.
9
Let j(m) = 20*m - 14. Let h be j(7). Calculate the greatest common factor of 14 and h.
14
Let p = -10 - -30. Suppose 5*s + 3*y = 600, -s - y + 97 = -23. What is the highest common divisor of p and s?
20
Suppose 0 = 3*f - 1118 + 398. What is the greatest common divisor of f and 16?
16
Suppose -190 = -4*h + 258. Let d(n) = n**2 - 5*n + 8. Let i be d(6). What is the greatest common factor of i and h?
14
Suppose 0 = 4*b - 4*q + 76, 4*q + q = 3*b + 59. Let h be 6*(-4)/b*3. Calculate the greatest common divisor of 32 and h.
4
Let p(z) = -3 + z**2 + 2*z**2 - z**2. Let l be p(-3). Suppose -3*h + 188 = 2*d, d = 3*h - 17 - 159. What is the highest common divisor of h and l?
15
Let o be (-3 + 12)*(0 - -1). Let m be o/3 - 2 - -44. Suppose -3*l - t + 17 = 0, -l - 3 + 4 = -2*t. What is the greatest common factor of m and l?
5
Let b be 1/(-5) + (-642)/(-10). Suppose -4*w = 10 + 2, -3*o - 4*w = -642. Let x = o - b. What is the greatest common divisor of x and 14?
14
Let b(w) = -2*w + 53. Let n(i) = -i + 26. Let q(y) = -6*b(y) + 13*n(y). Let t be q(0). Calculate the highest common factor of 5 and t.
5
Let v be 14 - (3 - 4)*4. Calculate the highest common divisor of 27 and v.
9
Let f be (-7)/1 - -3 - -14. What is the highest common divisor of 4 and f?
2
Let n be (-103)/5 + 18/(-45). Let x = n - -34. What is the highest common divisor of 52 and x?
13
Let t = 108 + -75. Let h(a) = -7*a. Let c be h(-1). Let f = c + 4. What is the greatest common divisor of f and t?
11
Suppose a + 3*a - 56 = 0. Calculate the highest common divisor of a and 14.
14
Let g(o) = -o**2 + 7*o + 1. Let f be g(5). Calculate the greatest common factor of f and 121.
11
Let v be 119/42 - 1/(-6). Suppose -27 = -4*t + v*l, -4*t + t + 13 = 5*l. Calculate the greatest common divisor of 18 and t.
6
Let w be 10/4 + (-14)/28. Let n be 15/1 + w + -2. What is the highest common factor of 60 and n?
15
Let w(q) = q**3 - 2*q**2 + 3*q - 3. Let t be w(2). Suppose t*m - 14 = -p, 5*p + 5*m + 0*m - 70 = 0. Calculate the highest common factor of 7 and p.
7
Suppose 3*g + 4*l - 25 = 0, -2*g + 75 = 2*g - 3*l. Suppose p = -4*q - g, 3*q = 7*p - 3*p - 16. Calculate the greatest common factor of p and 4.
1
Let i = -136 + 220. Calculate the highest common factor of 63 and i.
21
Suppose 5*b - 44 = -19. Let d be (0 - -22) + b/(-5). What is the greatest common divisor of d and 14?
7
Let j(z) = 41*z + 6. Let m be j(2). Let t = 1 + -1. Suppose t = -n - 0*n + m. Calculate the greatest common divisor of n and 8.
8
Let f = -44 - -86. Calculate the highest common divisor of 105 and f.
21
Suppose 5*d - 25 = 3*n - 0*d, 5*d = 2*n + 25. Let z(m) = -m**3 - m + 69. Let c be z(n). Calculate the highest common factor of c and 46.
23
Let j(v) = -2*v + 5. Let u be j(-7). Suppose 2*z = z - u. Let m = z + 31. What is the greatest common factor of 36 and m?
12
Let v = 3 - 1. Suppose -v*y - 17 = -129. Calculate the highest common divisor of y and 7.
7
Let d(b) = -b**3 + 3*b**2 + b. Let y be d(3). Let m = -11 + y. Let f be ((-2)/m)/(1/4). Calculate the highest common factor of f and 4.
1
Suppose 0 = 8*l - 11*l + 120. Suppose -4*f + 3*c - 2*c = -38, -4*f - 5*c = -50. Calculate the highest common factor of l and f.
10
Let y(o) = o**2 - 2*o. Let b be y(4). Suppose 288 = 5*x - x. What is the greatest common divisor of x and b?
8
Let f(l) = l**2 - 5*l + 9. Let z be f(7). Suppose -d - 5 = -z. Calculate the highest common divisor of 27 and d.
9
Let t(k) = -k**2 - 10*k + 1. Let f be t(-9). Let c(m) = -m - 2. Let d be c(-4). What is the greatest common factor of f and d?
2
Let g(l) = l**2 - 1. Let a(w) = -w**3 + 2*w**2 - 9*w + 14. Let k(d) = -a(d) - 6*g(d). Let y be k(7). What is the greatest common factor of 18 and y?
6
Suppose -5*t - 3*w + 171 = 0, 2*w + 147 = 5*t - 39. What is the highest common divisor of 48 and t?
12
Suppose -3 = -4*p + 3*j + 8, -5*j - 23 = -2*p. Let q be (-5 + -19)/(p + 2). Let m be q/(-10)*30/4. Calculate the highest common factor of m and 9.
9
Suppose -s - 4*u = 0, -3*u = 2*s - 0*u - 10. Let y = s - 6. Suppose y*x + 189 = 5*x. What is the greatest common divisor of 7 and x?
7
Let k = 26 - 14. Let u = 10 - -26. Calculate the greatest common divisor of u and k.
12
Let l = 17 + -16. Suppose 3*p + 37 = 5*y, -y - 2*p - 2 - l = 0. Suppose 0 = 5*j - 2 - 3. Calculate the highest common divisor of j and y.
1
Let j = 306 - 173. What is the highest common divisor of j and 19?
19
Let c(v) = v + 1. Let l be c(7). What is the greatest common factor of 56 and l?
8
Suppose 3*a = -a. Let g be a + -9 - (0 + 2). Let j = 6 - g. Calculate the highest common factor of 136 and j.
17
Let j be ((-36)/45)/((-4)/10). Let t be ((-7)/j)/((-5)/10). Suppose -h = -0 - 7. Calculate the highest common factor of t and h.
7
Let j = -8 + 5. Let k be (-1)/(0 - j/(-15)). What is the highest common factor of 1 and k?
1
Let j = 6 + 4. Let b = -50 + 130. What is the highest common divisor of b and j?
10
Let a = 354 + -198. Calculate the greatest common divisor of a and 39.
39
Let k be 12/(-18)*(-6)/8*10. What is the greatest common divisor of k and 40?
5
Let z(o) = -3 - o + 1 - 2 + 1. Let x be z(-6). Suppose x*p - 49 = -7. Calculate the highest common divisor of p and 70.
14
Let y(z) = -z**3 + 2*z**2 - z + 30. Let c be y(0). What is the highest common divisor of c and 15?
15
Suppose 2*f + 3*n = 61 + 169, 0 = -4*f - 3*n + 472. What is the greatest common divisor of f and 11?
11
Let k = -20 - -50. What is the highest common factor of k and 10?
10
Let t = -4 + 19. Suppose 6 = v + 7. Let m be (v + 7)*2/4. What is the greatest common divisor of t and m?
3
Let g(q) = -q**2 + 9*q - 12. Let b be g(5). What is the greatest common divisor of b and 72?
8
Let k(m) = m**2 - 2*m + 2. Let p be k(0). What is the highest common factor of p and 1?
1
Let r = 36 + -25. Calculate the highest common divisor of r and 55.
11
Suppose 2*j + 2*j - 2*r - 158 = 0, r = -3*j + 106. Let z = j + -20. Calculate the greatest common divisor of 34 and z.
17
Let w(j) = -30*j + 10. Let f be w(-3). Calculate the greatest common divisor of f and 20.
20
Let o be (-12)/(-84) - 1076/(-14). Calculate the greatest common factor of o and 11.
11
Let d be (-4)/(1 - (2 + 1)). Let f be (-6)/(11/(-4) + d). Calculate the highest common divisor of f and 1.
1
Suppose -6 = 2*h + 4*o, 5*o = 2*h + 4 - 43. Calculate the highest common divisor of h and 1.
1
Let b be (2/(-5))/((-1)/5). Let c be 0 + 5/(b - 3). Let d be 2/c + 96/15. Calculate the greatest common factor of d and 9.
3
Let a = 34 + -13. Let h = a + 19. What is the highest common divisor of h and 5?
5
Let l be (-7 - -11)*14*1. Suppose 551 - l = 3*p. Calculate the highest common factor of 15 and p.
15
Suppose -2*i + 406 = 2*n, 3*i - 604 = -3*n - i. Let g = -125 + n. Suppose g = x - 21. Calculate the highest common factor of x and 26.
26
Let x be (-2)/5 - (-66)/15. Suppose 0 = x*y + 20, y - 13 = 4*o + 6*y. Let v be (2 + -1)*(24 - o). What is the greatest common factor of v and 84?
21
Let f(i) = -2*i**2 - i + 13. Let s be f(-8). Suppose -2*m - 156 = m. Let d = m - s. What is the highest common divisor of 11 and d?
11
Suppose -4*h + 49 + 11 = 0. Suppose 4*n - n - h = -2*a, a = 4*n - 9. Let k = 6 + -3. What is the highest common factor of k and n?
3
Suppose -k = 2*w + 2 - 8, 6 = 4*k + 2*w. Suppose -j = -k*j + 14. Let t = j + 24. Calculate the highest common divisor of t and 15.
5
Suppose 0 = 2*r + 2, -6*z + z = r - 89. Calculate the highest common divisor of z and 12.
6
Let x(p) = p**3 + p. Let a be x(1). Let i(z) = -8 + 2 + 2*z**a - z - z**2. Let y be i(6). What is the highest common factor of y and 36?
12
Let k(c) = -c + 3. Let x be k(6). Let z be 6/(-4)*(-44)/x. Let n be (-229)/(-11) + (-4)/z. Calculate the highest common divisor of n and 7.
7
Suppose 4*p + 2*j - 196 = 0, 4*p + p = -2*j + 246. What is the highest common divisor of 10 and p?
10
Let i(k) = 5*k**2 - 20*k - 4. Let x(c) = 14*c**2 - 60*c - 11. Let h(n) = 11*i(n) - 4*x(n). Let p be h(9). Calculat